 multiple of 69?
False
Is 1445 a multiple of 26?
False
Is 60 a factor of 48360?
True
Is 54 a factor of 45351?
False
Does 19 divide 808?
False
Does 50 divide 8753?
False
Is 22065 a multiple of 15?
True
Is 13375 a multiple of 125?
True
Is 10 a factor of 776?
False
Is 144 a multiple of 16?
True
Is 29 a factor of 16052?
False
Does 46 divide 24417?
False
Does 72 divide 3960?
True
Does 63 divide 7245?
True
Is 3 a factor of 474?
True
Is 16 a factor of 39008?
True
Does 38 divide 760?
True
Does 281 divide 53487?
False
Does 75 divide 15996?
False
Does 43 divide 1634?
True
Is 8 a factor of 5080?
True
Is 9 a factor of 3806?
False
Is 30 a factor of 5940?
True
Is 228 a factor of 47880?
True
Is 14 a factor of 1701?
False
Is 6 a factor of 2095?
False
Is 11 a factor of 43659?
True
Is 4312 a multiple of 56?
True
Is 7 a factor of 18615?
False
Does 20 divide 1940?
True
Is 231 a multiple of 5?
False
Is 4621 a multiple of 45?
False
Is 2090 a multiple of 19?
True
Does 5 divide 513?
False
Is 21 a factor of 1916?
False
Is 794 a multiple of 3?
False
Does 21 divide 4765?
False
Does 87 divide 1827?
True
Is 62 a factor of 5456?
True
Is 67 a factor of 402?
True
Is 3724 a multiple of 76?
True
Does 34 divide 781?
False
Is 7846 a multiple of 22?
False
Is 34 a factor of 64157?
False
Does 32 divide 11210?
False
Is 6794 a multiple of 3?
False
Is 324 a multiple of 6?
True
Is 26941 a multiple of 21?
False
Is 12720 a multiple of 53?
True
Does 4 divide 4514?
False
Is 2 a factor of 24?
True
Is 1184 a multiple of 74?
True
Is 6296 a multiple of 6?
False
Is 26 a factor of 117494?
True
Does 7 divide 4044?
False
Is 15927 a multiple of 98?
False
Is 1140 a multiple of 47?
False
Is 5 a factor of 489?
False
Is 36 a multiple of 4?
True
Is 88900 a multiple of 25?
True
Does 186 divide 15624?
True
Does 16 divide 79776?
True
Does 20 divide 161400?
True
Is 7 a factor of 1003?
False
Is 12695 a multiple of 22?
False
Does 14 divide 19149?
False
Is 12 a factor of 62?
False
Does 6 divide 1732?
False
Does 14 divide 11576?
False
Is 6834 a multiple of 102?
True
Is 56 a factor of 39368?
True
Does 16 divide 1056?
True
Does 38 divide 684?
True
Does 69 divide 717?
False
Is 6801 a multiple of 67?
False
Is 2198 a multiple of 10?
False
Does 62 divide 17918?
True
Is 448 a multiple of 7?
True
Is 273 a multiple of 6?
False
Is 68904 a multiple of 12?
True
Does 12 divide 6240?
True
Does 60 divide 26160?
True
Is 7879 a multiple of 37?
False
Does 39 divide 1833?
True
Is 115 a factor of 1711?
False
Is 59730 a multiple of 30?
True
Is 5940 a multiple of 30?
True
Is 84765 a multiple of 10?
False
Does 390 divide 62369?
False
Is 4485 a multiple of 65?
True
Is 21 a factor of 827?
False
Does 390 divide 21060?
True
Does 16 divide 39284?
False
Is 10 a factor of 15626?
False
Is 946 a multiple of 86?
True
Does 10 divide 93736?
False
Does 8 divide 29785?
False
Is 14 a factor of 602?
True
Is 5 a factor of 85?
True
Is 15 a factor of 22035?
True
Is 90 a factor of 990?
True
Is 74 a factor of 3797?
False
Is 1516 a multiple of 33?
False
Does 116 divide 7192?
True
Is 13 a factor of 845?
True
Is 9 a factor of 4266?
True
Is 19 a factor of 4566?
False
Is 12 a factor of 28065?
False
Does 34 divide 340?
True
Does 13 divide 403?
True
Is 6816 a multiple of 12?
True
Is 11610 a multiple of 215?
True
Is 22 a factor of 86522?
False
Does 9 divide 2771?
False
Is 28 a factor of 56?
True
Does 13 divide 2431?
True
Is 3348 a multiple of 124?
True
Is 2269 a multiple of 2?
False
Does 13 divide 507?
True
Does 56 divide 623?
False
Is 1225 a multiple of 25?
True
Does 73 divide 27229?
True
Is 16 a factor of 87957?
False
Does 77 divide 4235?
True
Does 13 divide 206?
False
Is 15 a factor of 85?
False
Is 135 a factor of 80865?
True
Is 6 a factor of 12046?
False
Is 31 a factor of 24831?
True
Is 18 a factor of 4147?
False
Is 1292 a multiple of 17?
True
Is 5 a factor of 71?
False
Is 13984 a multiple of 32?
True
Is 24 a factor of 2915?
False
Is 13 a factor of 403?
True
Is 2781 a multiple of 11?
False
Is 7 a factor of 962?
False
Does 98 divide 3822?
True
Is 49487 a multiple of 174?
False
Is 30551 a multiple of 223?
True
Is 912 a multiple of 19?
True
Is 109 a factor of 4126?
False
Does 59 divide 9617?
True
Does 74 divide 2590?
True
Is 1130 a multiple of 96?
False
Does 11 divide 8208?
False
Is 64 a factor of 98?
False
Is 56 a factor of 16352?
True
Is 526 a multiple of 2?
True
Is 6 a factor of 260?
False
Is 33 a factor of 1040?
False
Is 392 a multiple of 83?
False
Is 10 a factor of 16100?
True
Does 10 divide 3067?
False
Does 129 divide 12188?
False
Is 10 a factor of 323?
False
Is 4 a factor of 272?
True
Is 23 a factor of 924?
False
Is 1643 a multiple of 53?
True
Does 6 divide 99?
False
Is 624 a multiple of 24?
True
Is 650 a multiple of 26?
True
Is 100 a factor of 1887?
False
Is 1858 a multiple of 46?
False
Does 33 divide 314?
False
Is 18343 a multiple of 13?
True
Does 85 divide 510?
True
Does 51 divide 689?
False
Does 18 divide 73170?
True
Is 7 a factor of 321?
False
Is 147 a multiple of 14?
False
Does 15 divide 10605?
True
Is 64 a factor of 9280?
True
Does 180 divide 7220?
False
Is 1716 a multiple of 11?
True
Does 56 divide 789?
False
Is 12 a factor of 20256?
True
Is 3236 a multiple of 85?
False
Is 20 a factor of 760?
True
Is 230 a factor of 11730?
True
Is 31108 a multiple of 28?
True
Is 2542 a multiple of 45?
False
Is 49 a multiple of 8?
False
Does 136 divide 422?
False
Does 72 divide 4707?
False
Is 118 a factor of 1770?
True
Does 5 divide 955?
True
Is 12 a factor of 8438?
False
Does 16 divide 10010?
False
Is 8 a factor of 20176?
True
Is 14 a factor of 554?
False
Is 6555 a multiple of 115?
True
Does 15 divide 3300?
True
Does 339 divide 12543?
True
Is 86 a factor of 1720?
True
Is 2514 a multiple of 20?
False
Is 261 a multiple of 6?
False
Does 25 divide 1409?
False
Is 12976 a multiple of 4?
True
Is 800 a multiple of 25?
True
Does 10 divide 84?
False
Is 113 a factor of 20679?
True
Does 95 divide 5310?
False
Is 3810 a multiple of 6?
True
Is 1120 a multiple of 160?
True
Is 34270 a multiple of 230?
True
Does 53 divide 16727?
False
Is 437 a multiple of 19?
True
Is 8 a multiple of 3?
False
Is 8 a factor of 55?
False
Is 67644 a multiple of 54?
False
Is 56 a factor of 14608?
False
Is 15 a factor of 10740?
True
Does 107 divide 3317?
True
Is 40 a factor of 19640?
True
Does 6 divide 689?
False
Is 13 a factor of 116392?
False
Is 3857 a multiple of 4?
False
Is 15780 a multiple of 12?
True
Does 101 divide 4526?
False
Does 94 divide 4794?
True
Is 3248 a multiple of 154?
False
Does 32 divide 32448?
True
Does 66 divide 1584?
True
Does 15 divide 722?
False
Does 29 divide 532?
False
Does 76 divide 16188?
True
Does 16 divide 112?
True
Is 7150 a multiple of 55?
True
Does 19 divide 4482?
False
Is 69280 a multiple of 16?
True
Does 6 divide 2527?
False
Is 870 a multiple of 58?
True
Is 74 a factor of 18130?
True
Does 7 divide 8274?
True
Is 7124 a multiple of 137?
True
Does 58 divide 1856?
True
Is 560 a multiple of 49?
False
Does 70 divide 17976?
False
Is 4 a factor of 685?
False
Is 38285 a multiple of 35?
False
Does 138 divide 5382?
True
Is 4632 a multiple of 8?
True
Is 90 a factor of 280?
False
Is 9 a factor of 119?
False
Is 3 a factor of 187?
False
Is 703 a multiple of 40?
False
Does 4 divide 9096?
True
Does 14 divide 298?
False
Is 57 a factor of 1653?
True
Is 19045 a multiple of 65?
True
Is 1800 a multiple of 15?
True
Is 26 a factor of 31203?
False
Is 8297 a multiple of 21?
False
Does 16 divide 26864?
True
Is 6 a factor of 168?
True
Is 1818 a multiple of 9?
True
Is 29 a factor of 7568?
False
Is 221 a multiple of 5?
False
Is 4 a factor of 1122?
False
Is 9 a factor of 545?
False
Is 9966 a multiple of 33?
True
Is 21505 a multiple of 253?
True
Is 71775 a multiple of 36?
False
Does 12 divide 786?
False
Is 2760 a multiple of 40?
True
Is 260 a multiple of 37?
False
Is 38 a factor of 1488?
False
Is 12 a factor of 317?
False
Does 11 divide 288?
False
Does 210 divide 10109?
False
Does 56 divide 1896?
False
Is 111 a multiple of 2?
False
Is 8628 a multiple of 4?
True
Is 82 a factor of 1969?
False
Is 7 a factor of 5208?
True
Is 8133 a multiple of 31?
False
Is 59 a factor of 702?
False
Is 7 a factor of 31681?
False
Is 6 a factor of 3588?
True
Is 18 a factor of 5706?
True
Is 1921 a multiple of 43?
False
